lions digit of 97823737?
9
What is the ten millions digit of 2466983496?
6
What is the ten thousands digit of 3327681942?
8
What is the ten millions digit of 5527662545?
2
What is the ten thousands digit of 126670550?
7
What is the tens digit of 4016018264?
6
What is the ten thousands digit of 3642185174?
8
What is the ten millions digit of 112310327?
1
What is the ten thousands digit of 1146524503?
2
What is the hundred thousands digit of 57218955?
2
What is the hundred millions digit of 4765111858?
7
What is the hundred thousands digit of 82177340?
1
What is the hundreds digit of 1403262296?
2
What is the hundreds digit of 51161500?
5
What is the ten thousands digit of 2364115688?
1
What is the units digit of 6132624850?
0
What is the millions digit of 390860012?
0
What is the millions digit of 73700128?
3
What is the hundreds digit of 2873084359?
3
What is the millions digit of 119338543?
9
What is the thousands digit of 829007869?
7
What is the units digit of 105173007?
7
What is the hundreds digit of 33181985?
9
What is the ten millions digit of 522311280?
2
What is the ten millions digit of 1702248575?
0
What is the hundred thousands digit of 334162083?
1
What is the ten thousands digit of 479918399?
1
What is the ten millions digit of 1866228220?
6
What is the thousands digit of 9182890?
2
What is the hundred thousands digit of 4847744749?
7
What is the hundred millions digit of 6672041399?
6
What is the tens digit of 887665?
6
What is the hundreds digit of 356892555?
5
What is the tens digit of 1355827681?
8
What is the hundreds digit of 247341475?
4
What is the hundreds digit of 4272384096?
0
What is the ten millions digit of 401432847?
0
What is the millions digit of 404359175?
4
What is the hundred thousands digit of 828544293?
5
What is the units digit of 169277152?
2
What is the ten millions digit of 6236758769?
3
What is the thousands digit of 134655299?
5
What is the thousands digit of 141748231?
8
What is the hundred thousands digit of 13898270?
8
What is the hundred thousands digit of 3772030452?
0
What is the units digit of 486252554?
4
What is the hundreds digit of 20505453?
4
What is the units digit of 74365794?
4
What is the ten thousands digit of 6128459432?
5
What is the hundred millions digit of 2502108557?
5
What is the tens digit of 60191865?
6
What is the ten thousands digit of 29090699?
9
What is the tens digit of 65550247?
4
What is the tens digit of 5181085870?
7
What is the units digit of 7214056?
6
What is the units digit of 68530317?
7
What is the ten thousands digit of 54424716?
2
What is the units digit of 55840704?
4
What is the ten millions digit of 886402180?
8
What is the tens digit of 249426016?
1
What is the ten thousands digit of 2426899367?
9
What is the millions digit of 21575093?
1
What is the millions digit of 41890339?
1
What is the thousands digit of 241927374?
7
What is the ten millions digit of 269282111?
6
What is the units digit of 822749567?
7
What is the hundred thousands digit of 2753746563?
7
What is the hundred millions digit of 2697402876?
6
What is the hundred millions digit of 1342956473?
3
What is the millions digit of 159514722?
9
What is the millions digit of 1486975942?
6
What is the ten thousands digit of 19382286?
8
What is the millions digit of 732801364?
2
What is the ten millions digit of 39628704?
3
What is the units digit of 2812375545?
5
What is the tens digit of 315627936?
3
What is the hundred thousands digit of 17066406?
0
What is the ten thousands digit of 691263457?
6
What is the hundred thousands digit of 35025869?
0
What is the ten millions digit of 24780682?
2
What is the ten millions digit of 5855213244?
5
What is the hundred millions digit of 552781147?
5
What is the units digit of 139772733?
3
What is the ten millions digit of 323526994?
2
What is the ten thousands digit of 1648268067?
6
What is the tens digit of 166114749?
4
What is the thousands digit of 973205615?
5
What is the ten thousands digit of 46177283?
7
What is the ten thousands digit of 4264656419?
5
What is the hundred thousands digit of 1239427335?
4
What is the hundred thousands digit of 138604470?
6
What is the millions digit of 5902215996?
2
What is the hundred thousands digit of 2591405056?
4
What is the hundreds digit of 602290340?
3
What is the ten thousands digit of 2277727662?
2
What is the thousands digit of 68718273?
8
What is the hundred millions digit of 141934097?
1
What is the hundreds digit of 284513924?
9
What is the millions digit of 3231106347?
1
What is the ten thousands digit of 527500773?
0
What is the millions digit of 1149683320?
9
What is the hundred thousands digit of 1121387314?
3
What is the units digit of 3527694934?
4
What is the tens digit of 215120529?
2
What is the hundreds digit of 58567377?
3
What is the ten millions digit of 36316164?
3
What is the units digit of 120019492?
2
What is the hundred millions digit of 679685527?
6
What is the millions digit of 24939104?
4
What is the thousands digit of 114397272?
7
What is the hundreds digit of 77394637?
6
What is the ten millions digit of 387595884?
8
What is the ten thousands digit of 1187908468?
0
What is the hundred thousands digit of 6339137?
3
What is the thousands digit of 95979484?
9
What is the tens digit of 264876336?
3
What is the ten millions digit of 59435566?
5
What is the units digit of 472108304?
4
What is the ten thousands digit of 8711570?
1
What is the hundreds digit of 37438796?
7
What is the ten millions digit of 70039510?
7
What is the ten thousands digit of 182734463?
3
What is the tens digit of 1035020064?
6
What is the hundred thousands digit of 673511544?
5
What is the millions digit of 488283138?
8
What is the hundred millions digit of 195045411?
1
What is the hundred thousands digit of 898035404?
0
What is the hundred thousands digit of 514359329?
3
What is the millions digit of 1074054664?
4
What is the millions digit of 75022975?
5
What is the hundred thousands digit of 3994498902?
4
What is the ten thousands digit of 1611430810?
3
What is the ten thousands digit of 368644354?
4
What is the units digit of 132968674?
4
What is the tens digit of 598708430?
3
What is the ten thousands digit of 69975661?
7
What is the tens digit of 11992352?
5
What is the ten thousands digit of 62312298?
1
What is the hundreds digit of 93001336?
3
What is the units digit of 240014169?
9
What is the units digit of 16648361?
1
What is the tens digit of 930273297?
9
What is the millions digit of 236868512?
6
What is the hundred thousands digit of 271837761?
8
What is the units digit of 624323708?
8
What is the hundreds digit of 23610247?
2
What is the thousands digit of 83752466?
2
What is the millions digit of 21424074?
1
What is the ten millions digit of 29251454?
2
What is the millions digit of 1327929254?
7
What is the hundred thousands digit of 1041432055?
4
What is the tens digit of 21261991?
9
What is the units digit of 169515931?
1
What is the ten millions digit of 165755798?
6
What is the hundreds digit of 184283591?
5
What is the thousands digit of 236989569?
9
What is the units digit of 57893695?
5
What is the hundred millions digit of 1382766037?
3
What is the tens digit of 5775520407?
0
What is the hundred thousands digit of 640449970?
4
What is the units digit of 43117964?
4
What is the millions digit of 224406668?
4
What is the thousands digit of 188896116?
6
What is the ten thousands digit of 508085145?
8
What is the thousands digit of 855619009?
9
What is the ten thousands digit of 124901137?
0
What is the tens digit of 3547203657?
5
What is the thousands digit of 6847532?
7
What is the billions digit of 2740225008?
2
What is the hundred thousands digit of 104177213?
1
What is the hundreds digit of 49402138?
1
What is the billions digit of 6219667298?
6
What is the millions digit of 219665051?
9
What is the ten millions digit of 32578909?
3
What is the millions digit of 44082151?
4
What is the ten thousands digit of 386611128?
1
What is the ten millions digit of 58560968?
5
What is the millions digit of 1168654039?
8
What is the tens digit of 12143976?
7
What is the ten millions digit of 134897682?
3
What is the ten millions digit of 248140524?
4
What is the ten thousands digit of 8152421?
